rue
Is 7424719 prime?
True
Is 148264243 prime?
True
Is 111685283 a prime number?
True
Is 820577 composite?
False
Is 10480163 a composite number?
False
Is 65136259 a prime number?
True
Is 59196619 composite?
True
Is 9065279 prime?
False
Is 114279769 a composite number?
False
Is 23694623 prime?
False
Is 113530933 a prime number?
True
Is 1216097 prime?
False
Is 38939 a composite number?
True
Is 16521641 composite?
False
Is 4443101 composite?
True
Is 4375135 composite?
True
Is 52747105 a composite number?
True
Is 1487569 prime?
True
Is 667255 a prime number?
False
Is 4162513 a prime number?
False
Is 32951951 prime?
False
Is 8782022 composite?
True
Is 1053749 composite?
False
Is 6062129 a composite number?
False
Is 12280561 a composite number?
False
Is 315246731 composite?
False
Is 885359 a prime number?
True
Is 4559279 a composite number?
False
Is 305986907 a prime number?
False
Is 761242 a prime number?
False
Is 414992995 prime?
False
Is 55298059 a composite number?
True
Is 1292598031 a composite number?
False
Is 82636693 prime?
False
Is 21940891 a prime number?
False
Is 90911893 composite?
True
Is 874344063 composite?
True
Is 4500259 a prime number?
True
Is 9241483 composite?
True
Is 14778791 prime?
True
Is 981373 a composite number?
False
Is 360541 composite?
False
Is 247873 a prime number?
True
Is 3450373 composite?
True
Is 33427489 composite?
False
Is 3738301 prime?
False
Is 7474211 a composite number?
False
Is 16604011 a prime number?
False
Is 10305749 a composite number?
False
Is 258953 prime?
False
Is 36115997 a prime number?
False
Is 9877033 prime?
True
Is 1549033 prime?
True
Is 56586947 a composite number?
False
Is 29362241 composite?
False
Is 36828853 a prime number?
True
Is 20570611 a prime number?
False
Is 4680667 a composite number?
False
Is 68753543 prime?
False
Is 219852757 a prime number?
True
Is 136874467 prime?
False
Is 12765679 a composite number?
False
Is 4341331 prime?
False
Is 15833541 a prime number?
False
Is 972403 a composite number?
False
Is 1183211 a composite number?
False
Is 14477261 a composite number?
True
Is 5115137 a prime number?
True
Is 122835641 prime?
True
Is 5378467 prime?
False
Is 230790463 a prime number?
False
Is 2176843 composite?
False
Is 15439857 a prime number?
False
Is 324106 a composite number?
True
Is 171990521 a prime number?
True
Is 26624801 a composite number?
True
Is 847801963 composite?
False
Is 38574421 a composite number?
False
Is 354953343 a prime number?
False
Is 601561 composite?
True
Is 2166149 prime?
False
Is 374514253 prime?
False
Is 1102327003 composite?
True
Is 2724803 a composite number?
False
Is 720072671 prime?
False
Is 6935807 prime?
True
Is 139615699 a composite number?
False
Is 651929 a composite number?
True
Is 134836039 a prime number?
False
Is 2328107 a prime number?
True
Is 7501003 prime?
True
Is 28550653 a prime number?
True
Is 10873717 a composite number?
True
Is 3064861 a prime number?
True
Is 5146051 composite?
True
Is 44250917 composite?
False
Is 5279731 a prime number?
True
Is 194057 composite?
False
Is 772880489 composite?
False
Is 3828659 composite?
False
Is 310698149 a composite number?
False
Is 182875213 prime?
True
Is 69304969 a prime number?
True
Is 19235689 composite?
True
Is 105876743 a composite number?
True
Is 45831761 a prime number?
False
Is 3213659 composite?
False
Is 27668093 prime?
False
Is 5205205 a composite number?
True
Is 11003 a composite number?
False
Is 4973539 composite?
False
Is 25053947 a composite number?
False
Is 149993 prime?
True
Is 39118733 composite?
False
Is 1037705 prime?
False
Is 15278749 a composite number?
False
Is 5404109 a composite number?
True
Is 1613303 composite?
True
Is 43836349 a prime number?
False
Is 164167 a prime number?
False
Is 350503 prime?
True
Is 551781137 prime?
True
Is 392267837 prime?
False
Is 14656571 a prime number?
False
Is 528607 prime?
False
Is 204684257 prime?
False
Is 1649099 a composite number?
False
Is 8176547 a composite number?
False
Is 25498711 composite?
True
Is 1778173 a prime number?
False
Is 153690599 a prime number?
True
Is 65710507 composite?
False
Is 25166657 a composite number?
True
Is 94331186 a composite number?
True
Is 22619621 a prime number?
True
Is 11368795 a prime number?
False
Is 5318477 a composite number?
True
Is 223308002 a prime number?
False
Is 3459065 a prime number?
False
Is 286442927 prime?
False
Is 33928534 a prime number?
False
Is 2796397 a prime number?
True
Is 2012435 a prime number?
False
Is 2058719 composite?
True
Is 8128111 composite?
False
Is 10659617 a composite number?
True
Is 155814713 composite?
False
Is 797873 prime?
False
Is 5029483 a prime number?
False
Is 155000551 a composite number?
True
Is 1037741 composite?
False
Is 258397786 a prime number?
False
Is 22989067 a composite number?
False
Is 92370743 composite?
True
Is 655069 prime?
True
Is 55119241 composite?
False
Is 505499 a composite number?
True
Is 91277309 composite?
True
Is 209153 prime?
False
Is 1178767 a prime number?
True
Is 918191 composite?
True
Is 5210063 composite?
False
Is 21478207 prime?
True
Is 79081931 composite?
True
Is 29038699 composite?
False
Is 9788171 a composite number?
False
Is 11779322 prime?
False
Is 34431301 a composite number?
False
Is 182005426 a prime number?
False
Is 2977213 a composite number?
False
Is 505905443 a composite number?
False
Is 614843 a prime number?
True
Is 5728042 a prime number?
False
Is 1249373 a composite number?
False
Is 11295311 a prime number?
True
Is 1720451 a prime number?
False
Is 24475939 prime?
True
Is 194294543 prime?
True
Is 150545363 composite?
False
Is 161574167 a composite number?
True
Is 11195983 composite?
True
Is 206745611 a composite number?
True
Is 15721027 a prime number?
False
Is 12071387 composite?
False
Is 6697 a prime number?
False
Is 73291853 a composite number?
False
Is 532285543 composite?
True
Is 1803449 prime?
True
Is 417267401 a prime number?
True
Is 8876557 a composite number?
False
Is 136387382 prime?
False
Is 1510193 prime?
False
Is 648029 composite?
False
Is 1323851 a prime number?
True
Is 2032889 a prime number?
False
Is 2579891 a prime number?
True
Is 83177 a prime number?
True
Is 2721671 composite?
False
Is 849361 composite?
True
Is 15408331 prime?
True
Is 265231 prime?
True
Is 433863806 prime?
False
Is 505086061 a composite number?
False
Is 5454217 composite?
False
Is 447396403 composite?
False
Is 20555789 composite?
False
Is 14673229 composite?
False
Is 15015787 composite?
False
Is 11370097 a composite number?
True
Is 10204949 a composite number?
False
Is 130934989 a composite number?
True
Is 109757671 composite?
False
Is 1488889 a prime number?
False
Is 1156403 prime?
True
Is 16973971 a composite number?
True
Is 31426363 a prime number?
True
Is 65181341 prime?
False
Is 24096057 a composite number?
True
Is 25425767 a prime number?
True
Is 97552211 composite?
False
Is 2700745 a composite number?
True
Is 772558453 composite?
True
Is 290353 a prime number?
False
Is 32978969 prime?
True
Is 3154531 a prime number?
True
Is 47296507 a composite number?
False
Is 2346035 composite?
True
Is 440711 a composite number?
False
Is 18799709 a composite number?
True
Is 14730479 a prime number?
False
Is 19789373 prime?
True
Is 29382343 a composite number?
False
Is 34473587 prime?
True
Is 1114727 a prime number?
False
Is 105031 prime?
True
Is 7911626 a prime number?
False
Is 404487487 a composite number?
True
Is 30706279 prime?
True
Is 35553233 prime?
True
Is 173508031 prime?
True
Is 101599243 a prime number?
False
Is 18323113 composite?
False
Is 341524811 composite?
True
Is 312740243 a prime number?
False
Is 2692841 a composite number?
True
Is 62249959 composite?
False
Is 4524203 prime?
False
Is 74873969 a prime number?
False
Is 5576605 prime?
False
Is 232121 prime?
False
Is 2713369 a prime number?
True
Is 22628231 a prime number?
True
Is 19096262 a composite number?
True
Is 64412443 composite?
True
Is 198899 composite?
False
Is 2679757 a prime number?
False
Is 12025381 prime?
False
Is 1718982923 a prime number?
False
Is 28693957 prime?
True
Is 9064801 prime?
True
Is 130498897 a prime number?
False
Is 26124511 a composite number?
True
Is 358007 a prime number?
False
Is 143487061 a composite number?
True
Is 71020319 prime?
False
Is 311541